**3 - 8*l**2 - l + 9. Let z be o(-8). What is the greatest common factor of z and 136?
17
Suppose -69 = -4*l + 5*b, 2*b + 3*b = l - 21. Let r be 40 + 0*(2 - 3). Calculate the highest common divisor of l and r.
8
Suppose -m = -5*w - 2, 3*m + 2*w - 5 - 1 = 0. Suppose -2*i = m*i + 16. Let x = i - -14. Calculate the greatest common divisor of x and 10.
10
Let n = -83 - -175. Suppose 0 = 3*m - h - 123, 2*m - 3*h - h - n = 0. What is the greatest common divisor of 10 and m?
10
Let l = 285 - 195. Suppose -l = -5*v - 15. What is the greatest common divisor of 105 and v?
15
Let o(q) = 2*q + 3 - q**2 + 2 - 4 + 3*q**2. Let t be o(-2). What is the highest common factor of 2 and t?
1
Let j be 42/15*(-2 + 7). Suppose 0 = d - j + 4. Calculate the greatest common factor of 20 and d.
10
Let n = 8 - -16. Suppose -25 - n = -p. Let w(o) = 3*o - 8. Let v be w(5). What is the greatest common divisor of v and p?
7
Let b = -25 + 49. Let a be 10/(-15) - 4/(-6). Let i(x) = -x + 16. Let r be i(a). Calculate the highest common divisor of b and r.
8
Let i(x) = -x**3 - 10*x**2 - 10*x - 6. Let z be i(-9). Let o = -11 + 35. What is the highest common divisor of z and o?
3
Let b(w) be the first derivative of -w**2/2 + 6*w + 1. Let s be b(-3). What is the greatest common factor of s and 45?
9
Suppose -v - 18 = -4*z + 342, -5*z + 3*v = -450. Let c be ((-1)/(-2))/(1/4). Let s be (c - 8/14)*7. Calculate the highest common divisor of s and z.
10
Let x(g) = -g**2 + 8*g - 3. Let z be x(5). Suppose 2*o - 5*o = -z. Calculate the greatest common factor of o and 20.
4
Let c(f) = -2*f**3 - 25*f**2 - 13*f. Let u be c(-12). Calculate the highest common divisor of u and 132.
12
Let r be 14/35 - 6/(-10). Let m = 13 + -5. What is the greatest common divisor of r and m?
1
Let s(f) = -f**3 + 16*f**2 - 16*f + 12. Let t be s(15). Let k be (2 - (-3 - 1)) + t. Calculate the greatest common divisor of k and 2.
1
Suppose -3*k = -4*l + 21, -3*l = -4*l - 4*k + 29. Let y(v) = v**3 - 9*v**2 + v - 5. Let d be y(l). Calculate the highest common divisor of 10 and d.
2
Suppose 167 = 3*d - h, -2*d + 6*d + 5*h = 229. Calculate the highest common divisor of d and 16.
8
Let w = -1 + 3. Let x = w - 0. Suppose x*o - 106 + 1 = -5*k, 0 = 5*o + k - 251. What is the highest common divisor of o and 20?
10
Suppose 35 = -x - 4*x. Suppose 2*k = 24 - 2. Let u = k + x. Calculate the greatest common factor of 36 and u.
4
Suppose 4*k - 12 = 36. What is the highest common divisor of k and 84?
12
Let h = 11 + -8. Let d(k) = k**2 + 15*k + 23. Let p be d(-14). What is the highest common divisor of p and h?
3
Suppose -4*i - 7 = 5, 5*i - 17 = -4*g. Suppose 0 = 3*z - 68 - 4. Calculate the greatest common factor of z and g.
8
Let y = -6 - -17. Calculate the greatest common factor of 55 and y.
11
Suppose -38 = -2*c + 60. Let m(g) be the first derivative of g**2 - 13*g - 1. Let w be m(10). Calculate the highest common divisor of w and c.
7
Let u = 21 - 43. Let s(m) = 10*m**2 - 1. Let h be s(-1). Let j be u*(-5)/(10/h). What is the greatest common divisor of 9 and j?
9
Suppose -2*b + 131 = 11. Suppose r - 20 = 3*q - 5, 75 = 5*r + 5*q. Let l = -3 + r. Calculate the highest common factor of b and l.
12
Suppose 0 = -v - 3*v - 440. Let c = v + 210. Calculate the highest common divisor of c and 40.
20
Let h be 92 - -4*3/3. What is the greatest common factor of 24 and h?
24
Let g = 16 + -5. Let x be (-15212)/(-6) + (-2)/6. Let n be (-4)/(-14) + x/21. Calculate the greatest common divisor of g and n.
11
Suppose -12 = 3*w + 3*s, 3*w + 3*s = 4*w - 8. Let r = w - 12. Let v = r + 18. What is the greatest common divisor of v and 2?
1
Let j = 8 - 4. What is the highest common divisor of 4 and j?
4
Let h = 11 - 5. Suppose -4*s + 21 + 3 = 0. Let o be ((-4)/6)/(s/(-108)). What is the greatest common factor of h and o?
6
Suppose -23 - 22 = -9*h. Calculate the highest common factor of 20 and h.
5
Let v be (-418)/(-4) + 15/(-30). What is the highest common factor of 13 and v?
13
Let t(p) = -31*p**3 - p. Let d be t(-1). Let l(i) = -i**3 + 3*i**2 - 4*i. Let k be l(-4). What is the highest common divisor of k and d?
32
Suppose 0 = -q - 0 - 1. Let y be 0 + -2 - -3 - q. Let a be 2*y/(-4) - -73. What is the highest common factor of 8 and a?
8
Let l = -2 + 6. Suppose -c + k = -3, -l*k + 3*k - 9 = -2*c. Calculate the greatest common factor of 15 and c.
3
Let z = 32 - 22. Calculate the greatest common divisor of 10 and z.
10
Let l(k) = -4*k**3 - 4*k**2 + 2*k + 6. Let d be l(-3). Suppose 5*q = -4*t + 31, -2*t - 3*t + 49 = -4*q. Calculate the greatest common factor of d and t.
9
Let u = 13 - 9. Suppose -k + 17 = -19. Calculate the highest common divisor of u and k.
4
Suppose 3*u - 7*u = -3*y - 37, 0 = -3*u - y + 18. Suppose 0 = -3*t - 3*q + 222, 2*q - 4*q + 71 = t. What is the greatest common divisor of t and u?
7
Suppose 0*y = 2*y - 28. Let t be (-10)/(-40) - (-1006)/8. What is the greatest common divisor of t and y?
14
Suppose -4*c + 2 = 2*i + 3*i, -5*c = -3*i + 16. Suppose -2*l = -3*d - 64, 2 = i*d - 6. What is the greatest common factor of 57 and l?
19
Let i = 106 + -104. Calculate the greatest common factor of i and 24.
2
Suppose 15*b = 16*b - 16. What is the greatest common factor of 80 and b?
16
Suppose 5*v - 5*o = 20, -2*v = -6*o + o + 7. Suppose -b + 5*i = -3 + 14, 5*b + 3*i - 57 = 0. Let f be b*6/3 + 0. Calculate the highest common factor of v and f.
9
Suppose -8*c - 288 = -10*c. Calculate the greatest common factor of c and 24.
24
Let v be (-2)/(4 + -3) - -18. What is the highest common factor of v and 24?
8
Let r = 23 - 16. Let n = r + -16. Let y be (-5)/(n/(-6) + -2). What is the highest common divisor of y and 4?
2
Let z = 4 + -1. Suppose 4*u - u - z = 0. Calculate the greatest common divisor of u and 7.
1
Let s be 3/(-1) - (-35 + 3 + 1). Calculate the greatest common divisor of s and 70.
14
Let c(f) = -f**3 - 3 + 0*f + f**2 + 4*f**2 - 3*f. Let l be c(3). What is the highest common divisor of 15 and l?
3
Let w = 24 + 36. Suppose m - w = -4*m - 4*i, 3*m = 4*i + 4. Suppose 0 = -5*j - 0*j + 280. What is the highest common divisor of m and j?
8
Suppose 0 = -z - 2*z + 9. Suppose -2*g - 3 = -z*g + 2*q, -6 = -g + q. Suppose -3*j + g = -2*j. What is the highest common divisor of 99 and j?
9
Let c = 23 + -3. Calculate the highest common divisor of 60 and c.
20
Let j(p) = p + 78. Let t be j(0). Let f = t + -6. Calculate the greatest common factor of f and 9.
9
Suppose 2*c - p = 4*c - 479, -3*p + 1195 = 5*c. What is the greatest common factor of 22 and c?
22
Let p(a) be the first derivative of 7*a**3/3 + a**2 + a - 5. Let w be p(3). Calculate the greatest common divisor of w and 14.
14
Suppose -3*i = 3*f + 2*f - 426, -4*i = f - 92. Calculate the greatest common divisor of 210 and f.
42
Suppose t - 5*m = 18, 72 = 4*t - 0*m + m. Suppose -4 - t = -3*k + r, -18 = -2*k - r. Let h be 108/k*2/3. Calculate the highest common divisor of h and 9.
9
Suppose 3*v + n = 8*v - 345, -n = -2*v + 135. Calculate the greatest common divisor of 10 and v.
10
Let t(z) = -9*z. Let j be t(-3). Suppose 2*g + 2*p = -3*g + j, -5*g = -3*p - 47. Suppose g*q = 2*q + 385. Calculate the highest common divisor of q and 7.
7
Suppose 6 = -4*q - 0*n - 3*n, 2*q - 2 = n. Suppose q = -10*o + 11*o - 18. Suppose -4*l = -3*l, 2*l = -h + 45. What is the greatest common factor of o and h?
9
Let d be (-1)/3 - 32/(-6). Let o = -22 - -6. Let h = 41 + o. What is the highest common divisor of d and h?
5
Let c(j) = j**2 + 7*j + 2. Let b be c(-7). What is the highest common factor of 14 and b?
2
Let i(j) = -j**2 - 9*j + 9. Let q be (-1 - -2) + -2 + -8. Let g be i(q). What is the highest common factor of g and 3?
3
Suppose -p + 2*y - 12 = 0, 0 = 2*y + 6 - 16. Let z be ((-25)/(-4))/(p/(-24)). Let n be z/9 - (-2)/3. What is the greatest common factor of 18 and n?
9
Suppose 0 - 4 = 2*k. Let m be k - (-1 - 66/3). What is the highest common factor of 14 and m?
7
Let f(s) = s**3 + 5*s**2 - s - 4. Let p be f(-5). Let c(k) = -k**3 - 3*k**2 + 4*k + 1. Let l be c(-4). What is the highest common divisor of l and p?
1
Let n = -10 - -50. What is the greatest common divisor of 20 and n?
20
Let w = -22 - -39. What is the greatest common factor of w and 17?
17
Let l = -49 + 59. Calculate the greatest common factor of l and 50